
In base 4, what is -221 - 33021?
-33302
In base 7, what is -2 + -2345?
-2350
In base 15, what is 1 + -5d3c?
-5d3b
In base 4, what is -11 - -13110300?
13110223
In base 9, what is -185 - 58766?
-60062
In base 4, what is 3032 - 133?
2233
In base 6, what is -32 + 321351?
321315
In base 3, what is 101121122000 - -2?
101121122002
In base 8, what is 1 - -1531146?
1531147
In base 10, what is 243 - -135?
378
In base 14, what is 2183 + 45?
21c8
In base 8, what is -2 + 577633?
577631
In base 16, what is -84fa + -4d?
-8547
In base 8, what is 21243 + -4?
21237
In base 14, what is -5 - -2b6b?
2b66
In base 10, what is -105783 + -4?
-105787
In base 12, what is -9 + -1869?
-1876
In base 14, what is 272 - 137c?
-110a
In base 3, what is -12 - 1212021121?
-1212021210
In base 11, what is 6 + 394?
39a
In base 4, what is -2233112 - 3?
-2233121
In base 16, what is -2bdc3 - 2?
-2bdc5
In base 12, what is -5 + -6021?
-6026
In base 4, what is 13323122 - 13?
13323103
In base 9, what is 2788 + 157?
3056
In base 8, what is -32742 - -22?
-32720
In base 13, what is 76b4a - 2?
76b48
In base 12, what is -23725 + -1?
-23726
In base 8, what is -5 - 136704?
-136711
In base 4, what is 0 - -120301?
120301
In base 14, what is 11 + -b585?
-b574
In base 2, what is -10111 + 10101001?
10010010
In base 6, what is 155410 - -10?
155420
In base 7, what is 120 + -11520?
-11400
In base 3, what is 21220010 - 2?
21220001
In base 2, what is 0 - -1011001101111111100?
1011001101111111100
In base 14, what is -1440 + 8?
-1436
In base 15, what is -30 + -c7?
-107
In base 6, what is 3 + 105403?
105410
In base 14, what is 75 + -193?
-11c
In base 13, what is 6a - b77?
-b0a
In base 12, what is 28 - 6170?
-6144
In base 9, what is -600 + -11?
-611
In base 14, what is 3 + 1b7c86?
1b7c89
In base 16, what is 55fa + -64?
5596
In base 13, what is -4563 + -116?
-4679
In base 12, what is 0 - -409?
409
In base 15, what is 16196 - 0?
16196
In base 5, what is 0 - -433103?
433103
In base 9, what is -10233 + -53?
-10286
In base 2, what is 1100001111001001 - 101?
1100001111000100
In base 10, what is 171 - -1109?
1280
In base 3, what is 211220121102 - -21?
211220121200
In base 14, what is 1a1 + -17a?
25
In base 12, what is -10 - 442?
-452
In base 3, what is -12011112112 - 21?
-12011112210
In base 16, what is -3 - 1428?
-142b
In base 12, what is -5 - -300a?
3005
In base 8, what is -1053364 - -2?
-1053362
In base 13, what is -15 + 2116b?
21156
In base 6, what is 1125 + 11552?
13121
In base 14, what is -2040a - -4?
-20406
In base 11, what is -5 - -1209681?
1209677
In base 3, what is -2011102 - 1211022?
-10222201
In base 6, what is -1102233 + 0?
-1102233
In base 13, what is -2 - -1a32?
1a30
In base 4, what is 20101111301 + -12?
20101111223
In base 13, what is -4 - -1986c?
19868
In base 5, what is 4 - 23231400?
-23231341
In base 15, what is -1183 - 19?
-119c
In base 4, what is 23 + -110010?
-103321
In base 15, what is -e5 - -6300?
620a
In base 16, what is -349f - -5a?
-3445
In base 7, what is -1026 - 1501?
-2530
In base 7, what is -565 + -14536?
-15434
In base 5, what is -40144 - -213?
-34431
In base 15, what is 1dc1 - 0?
1dc1
In base 10, what is -10509 + 8?
-10501
In base 3, what is 100210 - -1011100100?
1011201010
In base 5, what is -124020 + -334?
-124404
In base 13, what is -1bc - 1155?
-1344
In base 14, what is 2 + -2a68?
-2a66
In base 6, what is -4 + 1015204?
1015200
In base 11, what is -204 - 305a?
-3263
In base 4, what is 12222 + 2311?
21133
In base 9, what is -351 + 731?
370
In base 4, what is 2 + -230133302?
-230133300
In base 16, what is 4 + -716c?
-7168
In base 3, what is -12 + 11101211010?
11101210221
In base 2, what is 10110 - -11010001001?
11010011111
In base 3, what is 101102 - -1212?
110021
In base 10, what is -118197 + -1?
-118198
In base 11, what is 7a6 + -546?
260
In base 6, what is 12 + 3204313?
3204325
In base 15, what is 1 - 2b98?
-2b97
In base 15, what is 385c21 - 5?
385c1b
In base 4, what is -332311 + 110010?
-222301
In base 14, what is -1b3c64 + 0?
-1b3c64
In base 4, what is -110323 + -10?
-110333
In base 9, what is 2 + -10312?
-10310
In base 5, what is 144 - 1134241?
-1134042
In base 10, what is 12088 - 135?
11953
In base 15, what is -20e9 + -28?
-2122
In base 11, what is -1025 - -31?
-aa4
In base 4, what is -210 - 122122?
-122332
In base 7, what is -4 + -12562?
-12566
In base 2, what is 1110100011001 + 1110100?
1110110001101
In base 14, what is -ab - 33d?
-40a
In base 15, what is 3 - -34a?
34d
In base 2, what is 1101011000011 + -11?
1101011000000
In base 9, what is 840367 + 2?
840370
In base 16, what is -767 - -1?
-766
In base 11, what is 1059a - 5?
10595
In base 15, what is -551 - -11?
-540
In base 4, what is 3121 - -1101?
10222
In base 9, what is 7 + -174572?
-174564
In base 2, what is -10111001000110000 + 101?
-10111001000101011
In base 9, what is 0 - 64745?
-64745
In base 15, what is 404 + -26?
3cd
In base 15, what is -2a + -1cce?
-1d09
In base 7, what is 113441 + -2?
113436
In base 3, what is 210101 - 2202?
200122
In base 16, what is 5f6c + -d7?
5e95
In base 12, what is 4aa9 + -4?
4aa5
In base 13, what is 150a2 - 5?
1509a
In base 2, what is 111101001100101110100 + 0?
111101001100101110100
In base 10, what is -2 + -13723?
-13725
In base 13, what is -82 + 597?
515
In base 6, what is -4 - 42254055?
-42254103
In base 14, what is -2771d - -18?
-27705
In base 12, what is -7a + a308?
a24a
In base 5, what is -3 + -404202?
-404210
In base 7, what is -13513 - 1?
-13514
In base 15, what is 11 + -20817?
-20806
In base 2, what is -100001111 - -1010001001001?
1001100111010
In base 8, what is 345 - -20?
365
In base 11, what is -19966 + 1?
-19965
In base 3, what is -222 + 1101102?
1100110
In base 14, what is 11 - -15d?
170
In base 6, what is 14 - -15250?
15304
In base 13, what is -199894 + 3?
-199891
In base 2, what is -11111001101 + 111?
-11111000110
In base 2, what is 11000011 + 1011001011010?
1011100011101
In base 6, what is 311 + -3305?
-2554
In base 7, what is -20524 + 10?
-20514
In base 9, what is -4 + -165430?
-165434
In base 12, what is -29 - -5a79?
5a50
In base 10, what is 12675 - -30?
12705
In base 12, what is -13192 - 9?
-1319b
In base 6, what is -152024 - 51?
-152115
In base 14, what is -d + -78b0?
-78bd
In base 10, what is 792 - 385?
407
In base 10, what is 10 + 1952?
1962
In base 4, what is 2130320 + 0?
2130320
In base 3, what is 22112100000 + -11?
22112022212
In base 5, what is 3321121 + -43?
3321023
In base 2, what is 10 + -1101101001?
-1101100111
In base 7, what is -3 - 640454?
-640460
In base 12, what is -201 - -44?
-179
In base 15, what is 8 + 61e?
627
In base 4, what is -112130023 + 3?
-112130020
In base 16, what is -1 - d5a7?
-d5a8
In base 15, what is 50 + 24b?
29b
In base 4, what is 122001 - 20101?
101300
In base 8, what is 54362 + 3?
54365
In base 14, what is -181669 + -2?
-18166b
In base 9, what is -675412 - -3?
-675408
In base 16, what is -765 + 28?
-73d
In base 16, what is 3 - 7cb6c?
-7cb69
In base 5, what is -14122 - -2321?
-11301
In base 3, what is -1022012220 - 101?
-1022020021
In base 4, what is 103 + -12210?
-12101
In base 6, what is -3452 - 241?
-4133
In base 13, what is 4804 + 200?
4a04
In base 3, what is -2111100200022 + 11?
-2111100200011
In base 9, what is 146455 - -4?
146460
In base 14, what is 6c - 7?
65
In base 6, what is -3 + 2215344?
2215341
In base 14, what is -ba0 + 20?
-b80
In base 8, what is -221470 + -4?
-221474
In base 16, what is -56e4a + 3?
-56e47
In base 11, what is -3712 - 7?
-3719
In base 15, what is -3d - -573?
535
In base 8, what is -4 + -25400?
-25404
In base 13, what is -4 - -37963?
3795c
In base 14, what is -4 + 2237d8?
2237d4
In base 3, what is -20 + -11101022?
-11101112
In base 7, what is 12442 + 12?
12454
In base 12, what is 44 - 659?
-615
In base 14, what is -1 - 38a66?
-38a67
In base 10, what is 9709 + 3?
9712
In base 2, what is 101 - -11111100011000?
11111100011101
In base 4, what is 113200103 - 3?
113200100
In base 15, what is -36 + -119c?
-11d3
In base 9, what is 17380 - -2?
17382
In base 5, what is 4 + -314431?
-314422
In base 6, what is 54 - 131430?
-131332
In base 3, what is 12 + -1120212021122?
-1120212021110
In base 16, what is -7fc4 + 2?
-7fc2
In base 14, what is c8 - -1a8?
292
In base 14, what is 612 - -2?
614
In base 7, what is 6526